{"id":4858,"date":"2022-05-02T10:49:45","date_gmt":"2022-05-02T13:49:45","guid":{"rendered":"https:\/\/orama-develop.go-vip.net\/main-site\/?page_id=4858"},"modified":"2024-08-13T17:13:29","modified_gmt":"2024-08-13T20:13:29","slug":"atendimento","status":"publish","type":"page","link":"https:\/\/orama-develop.go-vip.net\/main-site\/atendimento\/","title":{"rendered":"Atendimento"},"content":{"rendered":"<style>.kb-row-layout-id4858_548b26-d1 > .kt-row-column-wrap{align-content:start;}:where(.kb-row-layout-id4858_548b26-d1 > .kt-row-column-wrap) > .wp-block-kadence-column{justify-content:start;}.kb-row-layout-id4858_548b26-d1 > .kt-row-column-wrap{column-gap:var(--global-kb-gap-md, 2rem);row-gap:var(--global-kb-gap-none, 0rem );max-width:var( --global-content-width, 1290px );padding-left:var(--global-content-edge-padding);padding-right:var(--global-content-edge-padding);padding-bottom:var(--global-kb-spacing-xs, 1rem);grid-template-columns:minmax(0, 1fr);}.kb-row-layout-id4858_548b26-d1 > .kt-row-layout-overlay{opacity:1;background-color:rgba(255, 255, 255, 0);mix-blend-mode:multiply;}@media all and (max-width: 1024px){.kb-row-layout-id4858_548b26-d1 > .kt-row-column-wrap{grid-template-columns:minmax(0, 1fr);}}@media all and (max-width: 767px){.kb-row-layout-id4858_548b26-d1 > .kt-row-column-wrap{grid-template-columns:minmax(0, 1fr);}}<\/style><div class=\"kb-row-layout-wrap kb-row-layout-id4858_548b26-d1 alignfull kt-row-has-bg wp-block-kadence-rowlayout\"><div class=\"kt-row-layout-overlay kt-row-overlay-normal\"><\/div><div class=\"kt-row-column-wrap kt-has-1-columns kt-row-layout-equal kt-tab-layout-inherit kt-mobile-layout-row kt-row-valign-top kb-theme-content-width\">\n<style>.kadence-column4858_50bae6-8b > .kt-inside-inner-col{display:flex;}.kadence-column4858_50bae6-8b > .kt-inside-inner-col,.kadence-column4858_50bae6-8b > .kt-inside-inner-col:before{border-top-left-radius:0px;border-top-right-radius:0px;border-bottom-right-radius:0px;border-bottom-left-radius:0px;}.kadence-column4858_50bae6-8b > .kt-inside-inner-col{column-gap:var(--global-kb-gap-sm, 1rem);}.kadence-column4858_50bae6-8b > .kt-inside-inner-col{flex-direction:row;flex-wrap:wrap;align-items:center;justify-content:center;}.kadence-column4858_50bae6-8b > .kt-inside-inner-col > *, .kadence-column4858_50bae6-8b > .kt-inside-inner-col > figure.wp-block-image, .kadence-column4858_50bae6-8b > .kt-inside-inner-col > figure.wp-block-kadence-image{margin-top:0px;margin-bottom:0px;}.kadence-column4858_50bae6-8b > .kt-inside-inner-col > .kb-image-is-ratio-size{flex-grow:1;}.kt-row-column-wrap > .kadence-column4858_50bae6-8b{align-self:center;}.kt-inner-column-height-full:not(.kt-has-1-columns) > .wp-block-kadence-column.kadence-column4858_50bae6-8b{align-self:auto;}.kt-inner-column-height-full:not(.kt-has-1-columns) > .wp-block-kadence-column.kadence-column4858_50bae6-8b > .kt-inside-inner-col{align-items:center;}.kadence-column4858_50bae6-8b > .kt-inside-inner-col:before{opacity:0.3;}.kadence-column4858_50bae6-8b{position:relative;}@media all and (max-width: 1024px){.kadence-column4858_50bae6-8b > .kt-inside-inner-col{flex-direction:row;flex-wrap:wrap;align-items:center;justify-content:center;}}@media all and (min-width: 768px) and (max-width: 1024px){.kadence-column4858_50bae6-8b > .kt-inside-inner-col > *, .kadence-column4858_50bae6-8b > .kt-inside-inner-col > figure.wp-block-image, .kadence-column4858_50bae6-8b > .kt-inside-inner-col > figure.wp-block-kadence-image{margin-top:0px;margin-bottom:0px;}.kadence-column4858_50bae6-8b > .kt-inside-inner-col > .kb-image-is-ratio-size{flex-grow:1;}}@media all and (max-width: 767px){.kadence-column4858_50bae6-8b > .kt-inside-inner-col{flex-direction:row;flex-wrap:wrap;justify-content:center;}.kadence-column4858_50bae6-8b > .kt-inside-inner-col > *, .kadence-column4858_50bae6-8b > .kt-inside-inner-col > figure.wp-block-image, .kadence-column4858_50bae6-8b > .kt-inside-inner-col > figure.wp-block-kadence-image{margin-top:0px;margin-bottom:0px;}.kadence-column4858_50bae6-8b > .kt-inside-inner-col > .kb-image-is-ratio-size{flex-grow:1;}}<\/style>\n<div class=\"wp-block-kadence-column kadence-column4858_50bae6-8b kb-section-dir-horizontal\"><div class=\"kt-inside-inner-col\">\n<figure class=\"wp-block-image size-large is-resized\"><img loading=\"lazy\" decoding=\"async\" height=\"233\" width=\"1024\" src=\"https:\/\/orama-develop.go-vip.net\/main-site\/wp-content\/uploads\/sites\/2\/2024\/04\/logos.png?w=1024\" alt=\"\" class=\"wp-image-62616\" style=\"width:238px;height:auto\" srcset=\"https:\/\/orama-develop.go-vip.net\/main-site\/wp-content\/uploads\/sites\/2\/2024\/04\/logos.png 1760w, https:\/\/orama-develop.go-vip.net\/main-site\/wp-content\/uploads\/sites\/2\/2024\/04\/logos.png?resize=300,68 300w, https:\/\/orama-develop.go-vip.net\/main-site\/wp-content\/uploads\/sites\/2\/2024\/04\/logos.png?resize=768,175 768w, https:\/\/orama-develop.go-vip.net\/main-site\/wp-content\/uploads\/sites\/2\/2024\/04\/logos.png?resize=1024,233 1024w, https:\/\/orama-develop.go-vip.net\/main-site\/wp-content\/uploads\/sites\/2\/2024\/04\/logos.png?resize=1536,349 1536w\" sizes=\"auto, (max-width: 1024px) 100vw, 1024px\" \/><\/figure>\n<\/div><\/div>\n\n<\/div><\/div>\n\n<style>.kb-row-layout-id4858_ec2c42-b1 > .kt-row-column-wrap{align-content:start;}:where(.kb-row-layout-id4858_ec2c42-b1 > .kt-row-column-wrap) > .wp-block-kadence-column{justify-content:start;}.kb-row-layout-id4858_ec2c42-b1 > .kt-row-column-wrap{column-gap:var(--global-kb-gap-md, 2rem);row-gap:var(--global-kb-gap-none, 0rem );padding-top:var(--global-kb-spacing-md, 2rem);padding-bottom:var(--global-kb-spacing-md, 2rem);grid-template-columns:minmax(0, 1fr);}.kb-row-layout-id4858_ec2c42-b1 > .kt-row-layout-overlay{opacity:0.30;}@media all and (max-width: 1024px){.kb-row-layout-id4858_ec2c42-b1 > .kt-row-column-wrap{grid-template-columns:minmax(0, 1fr);}}@media all and (max-width: 767px){.kb-row-layout-id4858_ec2c42-b1 > .kt-row-column-wrap{grid-template-columns:minmax(0, 1fr);}}<\/style><div class=\"kb-row-layout-wrap kb-row-layout-id4858_ec2c42-b1 alignfull wp-block-kadence-rowlayout\"><div class=\"kt-row-column-wrap kt-has-1-columns kt-row-layout-equal kt-tab-layout-inherit kt-mobile-layout-row kt-row-valign-top\">\n<style>.kadence-column4858_9720ca-8f > .kt-inside-inner-col{display:flex;}.kadence-column4858_9720ca-8f > .kt-inside-inner-col{padding-right:var(--global-kb-spacing-md, 2rem);padding-left:var(--global-kb-spacing-md, 2rem);}.kadence-column4858_9720ca-8f > .kt-inside-inner-col,.kadence-column4858_9720ca-8f > .kt-inside-inner-col:before{border-top-left-radius:0px;border-top-right-radius:0px;border-bottom-right-radius:0px;border-bottom-left-radius:0px;}.kadence-column4858_9720ca-8f > .kt-inside-inner-col{column-gap:var(--global-kb-gap-sm, 1rem);}.kadence-column4858_9720ca-8f > .kt-inside-inner-col{flex-direction:column;align-items:center;}.kadence-column4858_9720ca-8f > .kt-inside-inner-col > .kb-image-is-ratio-size{align-self:stretch;}.kadence-column4858_9720ca-8f > .kt-inside-inner-col > .aligncenter{width:100%;}.kadence-column4858_9720ca-8f > .kt-inside-inner-col:before{opacity:0.3;}.kadence-column4858_9720ca-8f{text-align:center;}.kadence-column4858_9720ca-8f{position:relative;}@media all and (max-width: 1024px){.kadence-column4858_9720ca-8f > .kt-inside-inner-col{flex-direction:column;align-items:center;}}@media all and (max-width: 767px){.kadence-column4858_9720ca-8f > .kt-inside-inner-col{flex-direction:column;align-items:center;}}<\/style>\n<div class=\"wp-block-kadence-column kadence-column4858_9720ca-8f kb-section-dir-vertical\"><div class=\"kt-inside-inner-col\">\n<p class=\"has-text-align-center has-medium-font-size\" style=\"line-height:1.5\">A \u00d3rama Investimentos agora faz parte do BTG Pactual, o maior Banco de Investimentos da Am\u00e9rica Latina.<\/p>\n\n\n\n<p class=\"has-text-align-center has-medium-font-size\" style=\"line-height:1.5\">E o que isso quer dizer? Que a sua experi\u00eancia vai ficar ainda melhor.<\/p>\n\n\n\n<p class=\"has-text-align-center has-medium-font-size\" style=\"line-height:1.5\">Voc\u00ea poder\u00e1 ter acesso a uma conta corrente, cart\u00e3o de cr\u00e9dito, novo aplicativo e muito mais.<\/p>\n\n\n\n<p class=\"has-text-align-center has-medium-font-size\" style=\"line-height:1.5\">Agora o seu atendimento \u00e9 24h, 7 dias por semana.<\/p>\n\n\n\n<p class=\"has-text-align-center has-medium-font-size\" style=\"line-height:1.5\">Acesse&nbsp;<a href=\"https:\/\/lp.btgpactual.com\/atendimento-24horas\">Atendimento 24 Horas | BTG Pactual<\/a><\/p>\n\n\n\n<div class=\"wp-block-buttons is-layout-flex wp-block-buttons-is-layout-flex\"><\/div>\n<\/div><\/div>\n\n<\/div><\/div>","protected":false},"excerpt":{"rendered":"<p>A \u00d3rama Investimentos agora faz parte do BTG Pactual, o maior Banco de Investimentos da Am\u00e9rica Latina. E o que isso quer dizer? Que a sua experi\u00eancia vai ficar ainda melhor. Voc\u00ea poder\u00e1 ter acesso a uma conta corrente, cart\u00e3o de cr\u00e9dito, novo aplicativo e muito mais. Agora o seu atendimento \u00e9 24h, 7 dias&#8230;<\/p>\n","protected":false},"author":44,"featured_media":0,"parent":0,"menu_order":0,"comment_status":"closed","ping_status":"closed","template":"","meta":{"_acf_changed":false,"_kad_post_transparent":"","_kad_post_title":"default","_kad_post_layout":"","_kad_post_sidebar_id":"","_kad_post_content_style":"","_kad_post_vertical_padding":"","_kad_post_feature":"","_kad_post_feature_position":"","_kad_post_header":false,"_kad_post_footer":false,"footnotes":""},"class_list":["post-4858","page","type-page","status-publish","hentry"],"yoast_head":"<!-- This site is optimized with the Yoast SEO Premium plugin v23.2 (Yoast SEO v23.2) - https:\/\/yoast.com\/wordpress\/plugins\/seo\/ -->\n<title>Atendimento - \u00d3rama<\/title>\n<meta name=\"robots\" content=\"index, follow, max-snippet:-1, max-image-preview:large, max-video-preview:-1\" \/>\n<link rel=\"canonical\" href=\"https:\/\/orama-develop.go-vip.net\/main-site\/atendimento\/\" \/>\n<meta property=\"og:locale\" content=\"pt_BR\" \/>\n<meta property=\"og:type\" content=\"article\" \/>\n<meta property=\"og:title\" content=\"Atendimento\" \/>\n<meta property=\"og:description\" content=\"A \u00d3rama Investimentos agora faz parte do BTG Pactual, o maior Banco de Investimentos da Am\u00e9rica Latina. E o que isso quer dizer? Que a sua experi\u00eancia vai ficar ainda melhor. Voc\u00ea poder\u00e1 ter acesso a uma conta corrente, cart\u00e3o de cr\u00e9dito, novo aplicativo e muito mais. Agora o seu atendimento \u00e9 24h, 7 dias...\" \/>\n<meta property=\"og:url\" content=\"https:\/\/orama-develop.go-vip.net\/main-site\/atendimento\/\" \/>\n<meta property=\"og:site_name\" content=\"\u00d3rama\" \/>\n<meta property=\"article:modified_time\" content=\"2024-08-13T20:13:29+00:00\" \/>\n<meta name=\"twitter:card\" content=\"summary_large_image\" \/>\n<meta name=\"twitter:label1\" content=\"Est. reading time\" \/>\n\t<meta name=\"twitter:data1\" content=\"1 minuto\" \/>\n<script type=\"application\/ld+json\" class=\"yoast-schema-graph\">{\"@context\":\"https:\/\/schema.org\",\"@graph\":[{\"@type\":\"WebPage\",\"@id\":\"https:\/\/orama-develop.go-vip.net\/main-site\/atendimento\/\",\"url\":\"https:\/\/orama-develop.go-vip.net\/main-site\/atendimento\/\",\"name\":\"Atendimento - \u00d3rama\",\"isPartOf\":{\"@id\":\"https:\/\/orama-develop.go-vip.net\/main-site\/#website\"},\"primaryImageOfPage\":{\"@id\":\"https:\/\/orama-develop.go-vip.net\/main-site\/atendimento\/#primaryimage\"},\"image\":{\"@id\":\"https:\/\/orama-develop.go-vip.net\/main-site\/atendimento\/#primaryimage\"},\"thumbnailUrl\":\"https:\/\/orama-develop.go-vip.net\/main-site\/wp-content\/uploads\/sites\/2\/2024\/04\/logos.png?w=1024\",\"datePublished\":\"2022-05-02T13:49:45+00:00\",\"dateModified\":\"2024-08-13T20:13:29+00:00\",\"breadcrumb\":{\"@id\":\"https:\/\/orama-develop.go-vip.net\/main-site\/atendimento\/#breadcrumb\"},\"inLanguage\":\"pt-BR\",\"potentialAction\":[{\"@type\":\"ReadAction\",\"target\":[\"https:\/\/orama-develop.go-vip.net\/main-site\/atendimento\/\"]}]},{\"@type\":\"ImageObject\",\"inLanguage\":\"pt-BR\",\"@id\":\"https:\/\/orama-develop.go-vip.net\/main-site\/atendimento\/#primaryimage\",\"url\":\"https:\/\/orama-develop.go-vip.net\/main-site\/wp-content\/uploads\/sites\/2\/2024\/04\/logos.png?w=1024\",\"contentUrl\":\"https:\/\/orama-develop.go-vip.net\/main-site\/wp-content\/uploads\/sites\/2\/2024\/04\/logos.png?w=1024\"},{\"@type\":\"BreadcrumbList\",\"@id\":\"https:\/\/orama-develop.go-vip.net\/main-site\/atendimento\/#breadcrumb\",\"itemListElement\":[{\"@type\":\"ListItem\",\"position\":1,\"name\":\"Home\",\"item\":\"https:\/\/orama-develop.go-vip.net\/main-site\/\"},{\"@type\":\"ListItem\",\"position\":2,\"name\":\"Atendimento\"}]},{\"@type\":\"WebSite\",\"@id\":\"https:\/\/orama-develop.go-vip.net\/main-site\/#website\",\"url\":\"https:\/\/orama-develop.go-vip.net\/main-site\/\",\"name\":\"\u00d3rama\",\"description\":\"\",\"publisher\":{\"@id\":\"https:\/\/orama-develop.go-vip.net\/main-site\/#organization\"},\"potentialAction\":[{\"@type\":\"SearchAction\",\"target\":{\"@type\":\"EntryPoint\",\"urlTemplate\":\"https:\/\/orama-develop.go-vip.net\/main-site\/?s={search_term_string}\"},\"query-input\":\"required name=search_term_string\"}],\"inLanguage\":\"pt-BR\"},{\"@type\":\"Organization\",\"@id\":\"https:\/\/orama-develop.go-vip.net\/main-site\/#organization\",\"name\":\"\u00d3rama\",\"url\":\"https:\/\/orama-develop.go-vip.net\/main-site\/\",\"logo\":{\"@type\":\"ImageObject\",\"inLanguage\":\"pt-BR\",\"@id\":\"https:\/\/orama-develop.go-vip.net\/main-site\/#\/schema\/logo\/image\/\",\"url\":\"https:\/\/orama-develop.go-vip.net\/main-site\/wp-content\/uploads\/sites\/2\/2024\/06\/logo_menu.png\",\"contentUrl\":\"https:\/\/orama-develop.go-vip.net\/main-site\/wp-content\/uploads\/sites\/2\/2024\/06\/logo_menu.png\",\"width\":300,\"height\":114,\"caption\":\"\u00d3rama\"},\"image\":{\"@id\":\"https:\/\/orama-develop.go-vip.net\/main-site\/#\/schema\/logo\/image\/\"}}]}<\/script>\n<!-- \/ Yoast SEO Premium plugin. -->","yoast_head_json":{"title":"Atendimento - \u00d3rama","robots":{"index":"index","follow":"follow","max-snippet":"max-snippet:-1","max-image-preview":"max-image-preview:large","max-video-preview":"max-video-preview:-1"},"canonical":"https:\/\/orama-develop.go-vip.net\/main-site\/atendimento\/","og_locale":"pt_BR","og_type":"article","og_title":"Atendimento","og_description":"A \u00d3rama Investimentos agora faz parte do BTG Pactual, o maior Banco de Investimentos da Am\u00e9rica Latina. E o que isso quer dizer? Que a sua experi\u00eancia vai ficar ainda melhor. Voc\u00ea poder\u00e1 ter acesso a uma conta corrente, cart\u00e3o de cr\u00e9dito, novo aplicativo e muito mais. Agora o seu atendimento \u00e9 24h, 7 dias...","og_url":"https:\/\/orama-develop.go-vip.net\/main-site\/atendimento\/","og_site_name":"\u00d3rama","article_modified_time":"2024-08-13T20:13:29+00:00","twitter_card":"summary_large_image","twitter_misc":{"Est. reading time":"1 minuto"},"schema":{"@context":"https:\/\/schema.org","@graph":[{"@type":"WebPage","@id":"https:\/\/orama-develop.go-vip.net\/main-site\/atendimento\/","url":"https:\/\/orama-develop.go-vip.net\/main-site\/atendimento\/","name":"Atendimento - \u00d3rama","isPartOf":{"@id":"https:\/\/orama-develop.go-vip.net\/main-site\/#website"},"primaryImageOfPage":{"@id":"https:\/\/orama-develop.go-vip.net\/main-site\/atendimento\/#primaryimage"},"image":{"@id":"https:\/\/orama-develop.go-vip.net\/main-site\/atendimento\/#primaryimage"},"thumbnailUrl":"https:\/\/orama-develop.go-vip.net\/main-site\/wp-content\/uploads\/sites\/2\/2024\/04\/logos.png?w=1024","datePublished":"2022-05-02T13:49:45+00:00","dateModified":"2024-08-13T20:13:29+00:00","breadcrumb":{"@id":"https:\/\/orama-develop.go-vip.net\/main-site\/atendimento\/#breadcrumb"},"inLanguage":"pt-BR","potentialAction":[{"@type":"ReadAction","target":["https:\/\/orama-develop.go-vip.net\/main-site\/atendimento\/"]}]},{"@type":"ImageObject","inLanguage":"pt-BR","@id":"https:\/\/orama-develop.go-vip.net\/main-site\/atendimento\/#primaryimage","url":"https:\/\/orama-develop.go-vip.net\/main-site\/wp-content\/uploads\/sites\/2\/2024\/04\/logos.png?w=1024","contentUrl":"https:\/\/orama-develop.go-vip.net\/main-site\/wp-content\/uploads\/sites\/2\/2024\/04\/logos.png?w=1024"},{"@type":"BreadcrumbList","@id":"https:\/\/orama-develop.go-vip.net\/main-site\/atendimento\/#breadcrumb","itemListElement":[{"@type":"ListItem","position":1,"name":"Home","item":"https:\/\/orama-develop.go-vip.net\/main-site\/"},{"@type":"ListItem","position":2,"name":"Atendimento"}]},{"@type":"WebSite","@id":"https:\/\/orama-develop.go-vip.net\/main-site\/#website","url":"https:\/\/orama-develop.go-vip.net\/main-site\/","name":"\u00d3rama","description":"","publisher":{"@id":"https:\/\/orama-develop.go-vip.net\/main-site\/#organization"},"potentialAction":[{"@type":"SearchAction","target":{"@type":"EntryPoint","urlTemplate":"https:\/\/orama-develop.go-vip.net\/main-site\/?s={search_term_string}"},"query-input":"required name=search_term_string"}],"inLanguage":"pt-BR"},{"@type":"Organization","@id":"https:\/\/orama-develop.go-vip.net\/main-site\/#organization","name":"\u00d3rama","url":"https:\/\/orama-develop.go-vip.net\/main-site\/","logo":{"@type":"ImageObject","inLanguage":"pt-BR","@id":"https:\/\/orama-develop.go-vip.net\/main-site\/#\/schema\/logo\/image\/","url":"https:\/\/orama-develop.go-vip.net\/main-site\/wp-content\/uploads\/sites\/2\/2024\/06\/logo_menu.png","contentUrl":"https:\/\/orama-develop.go-vip.net\/main-site\/wp-content\/uploads\/sites\/2\/2024\/06\/logo_menu.png","width":300,"height":114,"caption":"\u00d3rama"},"image":{"@id":"https:\/\/orama-develop.go-vip.net\/main-site\/#\/schema\/logo\/image\/"}}]}},"acf":[],"jetpack_sharing_enabled":true,"_links":{"self":[{"href":"https:\/\/orama-develop.go-vip.net\/main-site\/wp-json\/wp\/v2\/pages\/4858","targetHints":{"allow":["GET"]}}],"collection":[{"href":"https:\/\/orama-develop.go-vip.net\/main-site\/wp-json\/wp\/v2\/pages"}],"about":[{"href":"https:\/\/orama-develop.go-vip.net\/main-site\/wp-json\/wp\/v2\/types\/page"}],"author":[{"embeddable":true,"href":"https:\/\/orama-develop.go-vip.net\/main-site\/wp-json\/wp\/v2\/users\/44"}],"replies":[{"embeddable":true,"href":"https:\/\/orama-develop.go-vip.net\/main-site\/wp-json\/wp\/v2\/comments?post=4858"}],"version-history":[{"count":8,"href":"https:\/\/orama-develop.go-vip.net\/main-site\/wp-json\/wp\/v2\/pages\/4858\/revisions"}],"predecessor-version":[{"id":64638,"href":"https:\/\/orama-develop.go-vip.net\/main-site\/wp-json\/wp\/v2\/pages\/4858\/revisions\/64638"}],"wp:attachment":[{"href":"https:\/\/orama-develop.go-vip.net\/main-site\/wp-json\/wp\/v2\/media?parent=4858"}],"curies":[{"name":"wp","href":"https:\/\/api.w.org\/{rel}","templated":true}]}}